{"id":16,"date":"2014-11-10T14:59:53","date_gmt":"2014-11-10T14:59:53","guid":{"rendered":"http:\/\/cdsid.org.br\/mc-summer-school2016\/?page_id=16"},"modified":"2016-03-07T13:21:08","modified_gmt":"2016-03-07T13:21:08","slug":"registration","status":"publish","type":"page","link":"http:\/\/cdsid.org.br\/mc-summer-school2016\/registration\/","title":{"rendered":"Registration"},"content":{"rendered":"<p><b>Registration Procedure<\/b><\/p>\n<p>Registration includes attendance to the summer school, documents, lunches, dinners and a social activity.<\/p>\n<p>Registration with accommodation is highly recommended (accommodation will be shared by two participants).<\/p>\n<p>Early registration fee with accommodation (payment before March 15th, 2016): US $ 800<br \/>\nEarly registration fee without accommodation (payment before March\u00a015th, 2016): US $ 500<br \/>\nLate registration fee with accommodation (payment after March\u00a016th, 2016): US $ 1,050<br \/>\nLate registration fee without accommodation (payment after March 16th, 2016): US $ 650<\/p>\n<p><a href=\"http:\/\/cdsid.org.br\/mc-summer-school2016\/application-for-financial-support\/\" target=\"_blank\">Instructions for application for financial support<\/a><\/p>\n<p><strong>Payment Options<\/strong><\/p>\n<p>Participants can pay the registration fees in two ways:<\/p>\n<p><strong>1. Bank Transfer<\/strong><\/p>\n<p>\u2022 Please email bank transfer slip to the organizing committee (<a href=\"mailto:mc-ss2016@cdsid.org.br\">mc-ss2016@cdsid.org.br<\/a>)<br \/>\n\u2022 Details about paying through the bank:<\/p>\n<p>Foreign attendants:<br \/>\nTo: IPSID \u2013 Instituto de Pesquisa em Sistema de Informa\u00e7\u00e3o e Decis\u00e3o<br \/>\nBank Name: Banco do Brasil<br \/>\nSWIFT: BRASBRRJRCE<br \/>\nIBAN: BR6700000000036130000315109C1<\/p>\n<p>Brazilian attendants:<br \/>\nTo: IPSID \u2013 Instituto de Pesquisa em Sistema de Informa\u00e7\u00e3o e Decis\u00e3o<br \/>\nBanco: Banco do Brasil (001)<br \/>\nAg\u00eancia: 3613-7<br \/>\nConta-corrente: 31.510-9<\/p>\n<p>&nbsp;<\/p>\n<p><strong>2. Credit Card (Via PayPal)<a href=\"http:\/\/cdsid.org.br\/mc-summer-school2016\/wp-content\/uploads\/2015\/10\/paypal-logo1.gif\"><img loading=\"lazy\" decoding=\"async\" class=\" wp-image-325 alignleft\" src=\"http:\/\/cdsid.org.br\/mc-summer-school2016\/wp-content\/uploads\/2015\/10\/paypal-logo1-150x150.gif\" alt=\"paypal-logo1\" width=\"97\" height=\"97\" srcset=\"http:\/\/cdsid.org.br\/mc-summer-school2016\/wp-content\/uploads\/2015\/10\/paypal-logo1-150x150.gif 150w, http:\/\/cdsid.org.br\/mc-summer-school2016\/wp-content\/uploads\/2015\/10\/paypal-logo1-50x50.gif 50w\" sizes=\"auto, (max-width: 97px) 100vw, 97px\" \/><\/a><br \/>\n<\/strong><\/p>\n<p>Participants can pay through a secure online payment facility with PayPal. Use the button below to proceed your payment.<\/p>\n<p>Note that your registration\u00a0can be validated only when full payment is completed.<\/p>\n<form action=\"https:\/\/www.paypal.com\/cgi-bin\/webscr\" method=\"post\" target=\"paypal\"><input name=\"cmd\" type=\"hidden\" value=\"_s-xclick\" \/><br \/>\n<input name=\"hosted_button_id\" type=\"hidden\" value=\"FJQNJ68QJY378\" \/><\/p>\n<table>\n<tbody>\n<tr>\n<td><input name=\"on0\" type=\"hidden\" value=\"MCDA\/M School - Registration\" \/>MCDA\/M School &#8211; Registration<\/td>\n<\/tr>\n<tr>\n<td><select name=\"os0\"><option value=\"Early registration + accommodation (up to March 15, 2016)\">Early registration + accommodation (up to March 15, 2016) $800,00 USD<\/option><option value=\"Early registration (no accommodation ) (up to March 15, 2016)\">Early registration (no accommodation ) (up to March 15, 2016) $500,00 USD<\/option><option value=\"Late registration + accommodation (after March 15, 2016)\">Late registration + accommodation (after March 15, 2016) $1.050,00 USD<\/option><option value=\"Late registration fee (no accommodation) (after March 15, 2016)\">Late registration fee (no accommodation) (after March 15, 2016) $650,00 USD<\/option><\/select><\/td>\n<\/tr>\n<\/tbody>\n<\/table>\n<p><input name=\"currency_code\" type=\"hidden\" value=\"USD\" \/><br \/>\n<input alt=\"PayPal - The safer, easier way to pay online!\" name=\"submit\" src=\"https:\/\/www.paypalobjects.com\/en_US\/i\/btn\/btn_cart_SM.gif\" type=\"image\" \/><br \/>\n<img loading=\"lazy\" decoding=\"async\" src=\"https:\/\/www.paypalobjects.com\/en_US\/i\/scr\/pixel.gif\" alt=\"\" width=\"1\" height=\"1\" border=\"0\" \/><\/p>\n<p><strong>Cancellation Policy<\/strong><\/p>\n<p>There will be no refunds of conference registration fee.<\/p>\n<p>&nbsp;<\/p>\n<\/form>\n","protected":false},"excerpt":{"rendered":"<p>Registration Procedure Registration includes attendance to the summer school, documents, lunches, dinners and a social activity. Registration with accommodation is highly recommended (accommodation will be shared by two participants). Early registration fee with accommodation (payment before March 15th, 2016): US $ 800 Early registration fee without accommodation (payment before March\u00a015th, 2016): US $ 500 Late [&hellip;]<\/p>\n","protected":false},"author":1,"featured_media":0,"parent":0,"menu_order":0,"comment_status":"closed","ping_status":"closed","template":"","meta":{"footnotes":""},"class_list":["post-16","page","type-page","status-publish","hentry"],"_links":{"self":[{"href":"http:\/\/cdsid.org.br\/mc-summer-school2016\/wp-json\/wp\/v2\/pages\/16","targetHints":{"allow":["GET"]}}],"collection":[{"href":"http:\/\/cdsid.org.br\/mc-summer-school2016\/wp-json\/wp\/v2\/pages"}],"about":[{"href":"http:\/\/cdsid.org.br\/mc-summer-school2016\/wp-json\/wp\/v2\/types\/page"}],"author":[{"embeddable":true,"href":"http:\/\/cdsid.org.br\/mc-summer-school2016\/wp-json\/wp\/v2\/users\/1"}],"replies":[{"embeddable":true,"href":"http:\/\/cdsid.org.br\/mc-summer-school2016\/wp-json\/wp\/v2\/comments?post=16"}],"version-history":[{"count":21,"href":"http:\/\/cdsid.org.br\/mc-summer-school2016\/wp-json\/wp\/v2\/pages\/16\/revisions"}],"predecessor-version":[{"id":435,"href":"http:\/\/cdsid.org.br\/mc-summer-school2016\/wp-json\/wp\/v2\/pages\/16\/revisions\/435"}],"wp:attachment":[{"href":"http:\/\/cdsid.org.br\/mc-summer-school2016\/wp-json\/wp\/v2\/media?parent=16"}],"curies":[{"name":"wp","href":"https:\/\/api.w.org\/{rel}","templated":true}]}}