{"id":695,"date":"2021-09-17T22:01:35","date_gmt":"2021-09-18T01:01:35","guid":{"rendered":"http:\/\/cdsid.org.br\/nsid\/?page_id=695"},"modified":"2023-05-02T16:47:02","modified_gmt":"2023-05-02T19:47:02","slug":"contact","status":"publish","type":"page","link":"http:\/\/cdsid.org.br\/nsid\/en\/contact\/","title":{"rendered":"Contact"},"content":{"rendered":"\t\t<div data-elementor-type=\"wp-page\" data-elementor-id=\"695\" class=\"elementor elementor-695\">\n\t\t\t\t\t\t<section class=\"elementor-section elementor-top-section elementor-element elementor-element-96b05f9 elementor-section-boxed elementor-section-height-default elementor-section-height-default\" data-id=\"96b05f9\" data-element_type=\"section\" data-e-type=\"section\">\n\t\t\t\t\t\t<div class=\"elementor-container elementor-column-gap-default\">\n\t\t\t\t\t<div class=\"elementor-column elementor-col-100 elementor-top-column elementor-element elementor-element-9ce48d6\" data-id=\"9ce48d6\" data-element_type=\"column\" data-e-type=\"column\">\n\t\t\t<div class=\"elementor-widget-wrap elementor-element-populated\">\n\t\t\t\t\t\t<div class=\"elementor-element elementor-element-924bf1c elementor-align-left elementor-widget elementor-widget-elementskit-button\" data-id=\"924bf1c\" data-element_type=\"widget\" data-e-type=\"widget\" data-widget_type=\"elementskit-button.default\">\n\t\t\t\t<div class=\"elementor-widget-container\">\n\t\t\t\t\t<div class=\"ekit-wid-con\" >\t\t<div class=\"ekit-btn-wraper\">\n\t\t\t\t\t\t\t<a href=\"http:\/\/cdsid.org.br\/nsid\/en\/home\/\" class=\"elementskit-btn  whitespace--normal\" id=\"\">\n\t\t\t\t\t<i class=\"fas fa-arrow-left\"><\/i>Back\t\t\t\t<\/a>\n\t\t\t\t\t<\/div>\n        <\/div>\t\t\t\t<\/div>\n\t\t\t\t<\/div>\n\t\t\t\t\t<\/div>\n\t\t<\/div>\n\t\t\t\t\t<\/div>\n\t\t<\/section>\n\t\t\t\t<section class=\"elementor-section elementor-top-section elementor-element elementor-element-5a049baf elementor-section-boxed elementor-section-height-default elementor-section-height-default\" data-id=\"5a049baf\" data-element_type=\"section\" data-e-type=\"section\">\n\t\t\t\t\t\t<div class=\"elementor-container elementor-column-gap-default\">\n\t\t\t\t\t<div class=\"elementor-column elementor-col-100 elementor-top-column elementor-element elementor-element-489ca59d\" data-id=\"489ca59d\" data-element_type=\"column\" data-e-type=\"column\">\n\t\t\t<div class=\"elementor-widget-wrap elementor-element-populated\">\n\t\t\t\t\t\t<div class=\"elementor-element elementor-element-15883ec9 elementor-widget elementor-widget-text-editor\" data-id=\"15883ec9\" data-element_type=\"widget\" data-e-type=\"widget\" data-widget_type=\"text-editor.default\">\n\t\t\t\t<div class=\"elementor-widget-container\">\n\t\t\t\t\t\t\t\t\t\n<p><strong>NSID \u2013 Laboratory for Neuroscience and Behavioral Studies in Decision<\/strong><br \/>Universidade Federal de Pernambuco<br \/>Centro de Tecnologia e Geoci\u00eancia<br \/>Departamento de Engenharia de Produ\u00e7\u00e3o<br \/>Av. da Arquitetura, s\/n<br \/>5\u00ba andar do Bloco Administrativo do CTG<br \/>Cidade Universit\u00e1ria, Recife \u2013 PE, 50740-550<\/p>\n\n<p><strong>Email:<\/strong> secnsid@cdsid.org.br<\/p>\n\n<p><strong>The flow for submitting an order for laboratory use:<\/strong><br \/>a) Researcher must request the consideration of his research proposal by the NSID Deliberative Committee. This request must be made through the e-mail sec@cdsid.org.br.<br \/>In the proper form, available upon request to the NSID Secretariat via the aforementioned email. To assess the request, it is not necessary to add the authorization of the ethics committee.<br \/>b) In case of approval by the Deliberative Committee, the applicant will be notified and must then apply for approval to the Research Ethics Committee of UFPE, taking into account all the requirements of this committee. If it is of interest to the project coordinator, a space for study and training may be provided for students linked to the project, knowing that no experiment can be carried out without proper proof of approval by the Research Ethics Committee of UFPE.<br \/>c) Upon approval by the Ethics Committee, the Project Coordinator requests the reservation of resources to the Laboratory Coordinator. The request is made through a specific form available in the NSID&#8217;s internal document base.<\/p>\n\t\t\t\t\t\t\t\t<\/div>\n\t\t\t\t<\/div>\n\t\t\t\t\t<\/div>\n\t\t<\/div>\n\t\t\t\t\t<\/div>\n\t\t<\/section>\n\t\t\t\t<\/div>\n\t\t","protected":false},"excerpt":{"rendered":"<p>Back NSID \u2013 Laboratory for Neuroscience and Behavioral Studies in DecisionUniversidade Federal de PernambucoCentro de Tecnologia e Geoci\u00eanciaDepartamento de Engenharia de Produ\u00e7\u00e3oAv. da Arquitetura, s\/n5\u00ba andar do Bloco Administrativo do CTGCidade Universit\u00e1ria, Recife \u2013 PE, 50740-550 Email: secnsid@cdsid.org.br The flow for submitting an order for laboratory use:a) Researcher must request the consideration of his research&hellip;&nbsp;<a href=\"http:\/\/cdsid.org.br\/nsid\/en\/contact\/\" rel=\"bookmark\">Continue a ler &raquo;<span class=\"screen-reader-text\">Contact<\/span><\/a><\/p>\n","protected":false},"author":2,"featured_media":0,"parent":0,"menu_order":0,"comment_status":"closed","ping_status":"closed","template":"","meta":{"neve_meta_sidebar":"full-width","neve_meta_container":"","neve_meta_enable_content_width":"on","neve_meta_content_width":100,"neve_meta_title_alignment":"","neve_meta_author_avatar":"","neve_post_elements_order":"","neve_meta_disable_header":"","neve_meta_disable_footer":"","neve_meta_disable_title":"","footnotes":""},"class_list":["post-695","page","type-page","status-publish","hentry"],"_links":{"self":[{"href":"http:\/\/cdsid.org.br\/nsid\/wp-json\/wp\/v2\/pages\/695","targetHints":{"allow":["GET"]}}],"collection":[{"href":"http:\/\/cdsid.org.br\/nsid\/wp-json\/wp\/v2\/pages"}],"about":[{"href":"http:\/\/cdsid.org.br\/nsid\/wp-json\/wp\/v2\/types\/page"}],"author":[{"embeddable":true,"href":"http:\/\/cdsid.org.br\/nsid\/wp-json\/wp\/v2\/users\/2"}],"replies":[{"embeddable":true,"href":"http:\/\/cdsid.org.br\/nsid\/wp-json\/wp\/v2\/comments?post=695"}],"version-history":[{"count":10,"href":"http:\/\/cdsid.org.br\/nsid\/wp-json\/wp\/v2\/pages\/695\/revisions"}],"predecessor-version":[{"id":854,"href":"http:\/\/cdsid.org.br\/nsid\/wp-json\/wp\/v2\/pages\/695\/revisions\/854"}],"wp:attachment":[{"href":"http:\/\/cdsid.org.br\/nsid\/wp-json\/wp\/v2\/media?parent=695"}],"curies":[{"name":"wp","href":"https:\/\/api.w.org\/{rel}","templated":true}]}}