{"id":2,"date":"2021-01-28T11:49:07","date_gmt":"2021-01-28T13:49:07","guid":{"rendered":"http:\/\/cdsid.org.br\/nsid\/?page_id=2"},"modified":"2021-02-18T23:26:00","modified_gmt":"2021-02-19T01:26:00","slug":"localizacao-e-infraestrutura","status":"publish","type":"page","link":"https:\/\/cdsid.org.br\/nsid\/localizacao-e-infraestrutura\/","title":{"rendered":"Localiza\u00e7\u00e3o e Infraestrutura"},"content":{"rendered":"\t\t<div data-elementor-type=\"wp-page\" data-elementor-id=\"2\" class=\"elementor elementor-2\">\n\t\t\t\t\t\t<section class=\"elementor-section elementor-top-section elementor-element elementor-element-341c74c3 elementor-section-boxed elementor-section-height-default elementor-section-height-default\" data-id=\"341c74c3\" data-element_type=\"section\" data-e-type=\"section\">\n\t\t\t\t\t\t<div class=\"elementor-container elementor-column-gap-default\">\n\t\t\t\t\t<div class=\"elementor-column elementor-col-100 elementor-top-column elementor-element elementor-element-19204b6f\" data-id=\"19204b6f\" data-element_type=\"column\" data-e-type=\"column\">\n\t\t\t<div class=\"elementor-widget-wrap elementor-element-populated\">\n\t\t\t\t\t\t<div class=\"elementor-element elementor-element-db1a654 elementor-align-left elementor-widget elementor-widget-elementskit-button\" data-id=\"db1a654\" data-element_type=\"widget\" data-e-type=\"widget\" data-widget_type=\"elementskit-button.default\">\n\t\t\t\t<div class=\"elementor-widget-container\">\n\t\t\t\t\t<div class=\"ekit-wid-con\" >\t\t<div class=\"ekit-btn-wraper\">\n\t\t\t\t\t\t\t<a href=\"http:\/\/cdsid.org.br\/nsid\/\" class=\"elementskit-btn  whitespace--normal\" id=\"\">\n\t\t\t\t\t<i class=\"fas fa-arrow-left\"><\/i>Voltar\t\t\t\t<\/a>\n\t\t\t\t\t<\/div>\n        <\/div>\t\t\t\t<\/div>\n\t\t\t\t<\/div>\n\t\t\t\t<div class=\"elementor-element elementor-element-5f00f07e elementor-widget elementor-widget-text-editor\" data-id=\"5f00f07e\" data-element_type=\"widget\" data-e-type=\"widget\" data-widget_type=\"text-editor.default\">\n\t\t\t\t<div class=\"elementor-widget-container\">\n\t\t\t\t\t\t\t\t\t\n<p>O Lab NSID ocupa o 5\u00ba andar do bloco administrativo do Centro de Tecnologia e Geoci\u00eancias (CTG) da UFPE, onde pesquisadores e alunos de doutorado, de mestrado e de inicia\u00e7\u00e3o cient\u00edfica encontram um ambiente prop\u00edcio para o desenvolvimento de seus estudos e pesquisas.<\/p>\n\n\n\n<p>Para tanto, os usu\u00e1rios contam com uma infraestrutura que inclui quatro salas de coleta de dados, quatro laborat\u00f3rios de planejamento e desenvolvimento de estudos, e duas salas de Decision Conferencing. Todos os laborat\u00f3rios s\u00e3o equipados com os hardwares e softwares necess\u00e1rios \u00e0 condu\u00e7\u00e3o das pesquisas com enfoque em neuroci\u00eancia. Atualmente, os equipamentos de Eye-Tracker (fixos e port\u00e1veis) e de EEG, com seus respectivos softwares, s\u00e3o utilizados para a captura dos dados psicofisiol\u00f3gicos durante os experimentos comportamentais para m\u00e9todos e sistemas de apoio a decis\u00e3o. Os softwares dedicados ao processamento dos dados possibilitam as an\u00e1lises individual e\/ou sincronizada dos dados obtidos pelos equipamentos.<\/p>\n\n\n\n<p><\/p>\n\t\t\t\t\t\t\t\t<\/div>\n\t\t\t\t<\/div>\n\t\t\t\t\t<\/div>\n\t\t<\/div>\n\t\t\t\t\t<\/div>\n\t\t<\/section>\n\t\t\t\t<\/div>\n\t\t","protected":false},"excerpt":{"rendered":"<p>Voltar O Lab NSID ocupa o 5\u00ba andar do bloco administrativo do Centro de Tecnologia e Geoci\u00eancias (CTG) da UFPE, onde pesquisadores e alunos de doutorado, de mestrado e de inicia\u00e7\u00e3o cient\u00edfica encontram um ambiente prop\u00edcio para o desenvolvimento de seus estudos e pesquisas. Para tanto, os usu\u00e1rios contam com uma infraestrutura que inclui quatro&hellip;&nbsp;<a href=\"https:\/\/cdsid.org.br\/nsid\/localizacao-e-infraestrutura\/\" rel=\"bookmark\">Continue a ler &raquo;<span class=\"screen-reader-text\">Localiza\u00e7\u00e3o e Infraestrutura<\/span><\/a><\/p>\n","protected":false},"author":1,"featured_media":0,"parent":0,"menu_order":0,"comment_status":"closed","ping_status":"open","template":"","meta":{"neve_meta_sidebar":"","neve_meta_container":"","neve_meta_enable_content_width":"","neve_meta_content_width":0,"neve_meta_title_alignment":"","neve_meta_author_avatar":"","neve_post_elements_order":"","neve_meta_disable_header":"","neve_meta_disable_footer":"","neve_meta_disable_title":"","footnotes":""},"class_list":["post-2","page","type-page","status-publish","hentry"],"_links":{"self":[{"href":"https:\/\/cdsid.org.br\/nsid\/wp-json\/wp\/v2\/pages\/2","targetHints":{"allow":["GET"]}}],"collection":[{"href":"https:\/\/cdsid.org.br\/nsid\/wp-json\/wp\/v2\/pages"}],"about":[{"href":"https:\/\/cdsid.org.br\/nsid\/wp-json\/wp\/v2\/types\/page"}],"author":[{"embeddable":true,"href":"https:\/\/cdsid.org.br\/nsid\/wp-json\/wp\/v2\/users\/1"}],"replies":[{"embeddable":true,"href":"https:\/\/cdsid.org.br\/nsid\/wp-json\/wp\/v2\/comments?post=2"}],"version-history":[{"count":5,"href":"https:\/\/cdsid.org.br\/nsid\/wp-json\/wp\/v2\/pages\/2\/revisions"}],"predecessor-version":[{"id":620,"href":"https:\/\/cdsid.org.br\/nsid\/wp-json\/wp\/v2\/pages\/2\/revisions\/620"}],"wp:attachment":[{"href":"https:\/\/cdsid.org.br\/nsid\/wp-json\/wp\/v2\/media?parent=2"}],"curies":[{"name":"wp","href":"https:\/\/api.w.org\/{rel}","templated":true}]}}