{"id":52,"date":"2021-01-29T23:58:17","date_gmt":"2021-01-30T01:58:17","guid":{"rendered":"http:\/\/cdsid.org.br\/nsid\/?page_id=52"},"modified":"2026-03-14T00:09:12","modified_gmt":"2026-03-14T03:09:12","slug":"areas-de-pesquisa","status":"publish","type":"page","link":"https:\/\/cdsid.org.br\/nsid\/areas-de-pesquisa\/","title":{"rendered":"\u00c1reas de pesquisa"},"content":{"rendered":"\t\t<div data-elementor-type=\"wp-page\" data-elementor-id=\"52\" class=\"elementor elementor-52\">\n\t\t\t\t\t\t<section class=\"elementor-section elementor-top-section elementor-element elementor-element-6a283c9f elementor-section-boxed elementor-section-height-default elementor-section-height-default\" data-id=\"6a283c9f\" data-element_type=\"section\" data-e-type=\"section\">\n\t\t\t\t\t\t<div class=\"elementor-container elementor-column-gap-default\">\n\t\t\t\t\t<div class=\"elementor-column elementor-col-100 elementor-top-column elementor-element elementor-element-6e900dea\" data-id=\"6e900dea\" data-element_type=\"column\" data-e-type=\"column\">\n\t\t\t<div class=\"elementor-widget-wrap elementor-element-populated\">\n\t\t\t\t\t\t<div class=\"elementor-element elementor-element-8eaa9fc elementor-align-left elementor-widget elementor-widget-elementskit-button\" data-id=\"8eaa9fc\" data-element_type=\"widget\" data-e-type=\"widget\" data-widget_type=\"elementskit-button.default\">\n\t\t\t\t<div class=\"elementor-widget-container\">\n\t\t\t\t\t<div class=\"ekit-wid-con\" >\t\t<div class=\"ekit-btn-wraper\">\n\t\t\t\t\t\t\t<a href=\"http:\/\/cdsid.org.br\/nsid\/\" class=\"elementskit-btn  whitespace--normal\" id=\"\">\n\t\t\t\t\t<i class=\"fas fa-arrow-left\"><\/i>Voltar\t\t\t\t<\/a>\n\t\t\t\t\t<\/div>\n        <\/div>\t\t\t\t<\/div>\n\t\t\t\t<\/div>\n\t\t\t\t<div class=\"elementor-element elementor-element-3c97a164 elementor-widget elementor-widget-text-editor\" data-id=\"3c97a164\" data-element_type=\"widget\" data-e-type=\"widget\" data-widget_type=\"text-editor.default\">\n\t\t\t\t<div class=\"elementor-widget-container\">\n\t\t\t\t\t\t\t\t\t<p>O NSID desenvolve diversas pesquisas relacionada a tem\u00e1tica de neuroci\u00eancia, principalmente nas \u00e1reas:<\/p>\n<p><!-- \/wp:paragraph --><!-- wp:list --><\/p>\n<p><!-- \/wp:list --><!-- wp:heading {\"level\":3} --><\/p>\n<p><!-- \/wp:themeisle-blocks\/advanced-columns --><\/p>\t\t\t\t\t\t\t\t<\/div>\n\t\t\t\t<\/div>\n\t\t\t\t\t<\/div>\n\t\t<\/div>\n\t\t\t\t\t<\/div>\n\t\t<\/section>\n\t\t\t\t<section class=\"elementor-section elementor-top-section elementor-element elementor-element-3e5b615 elementor-section-boxed elementor-section-height-default elementor-section-height-default\" data-id=\"3e5b615\" data-element_type=\"section\" data-e-type=\"section\">\n\t\t\t\t\t\t<div class=\"elementor-container elementor-column-gap-default\">\n\t\t\t\t\t<div class=\"elementor-column elementor-col-100 elementor-top-column elementor-element elementor-element-e133fae\" data-id=\"e133fae\" data-element_type=\"column\" data-e-type=\"column\">\n\t\t\t<div class=\"elementor-widget-wrap elementor-element-populated\">\n\t\t\t\t\t\t<div class=\"elementor-element elementor-element-a1586f3 elementor-widget elementor-widget-text-editor\" data-id=\"a1586f3\" data-element_type=\"widget\" data-e-type=\"widget\" data-widget_type=\"text-editor.default\">\n\t\t\t\t<div class=\"elementor-widget-container\">\n\t\t\t\t\t\t\t\t\t<h6>Interfaces de Sistemas de Apoio \u00e0 Decis\u00e3o<\/h6>\n<p>Investigamos e projetamos interfaces avan\u00e7adas para sistemas de apoio \u00e0 decis\u00e3o, explorando como a an\u00e1lise visual, o design de intera\u00e7\u00e3o e a estrutura da informa\u00e7\u00e3o influenciam o processamento cognitivo e a precis\u00e3o das decis\u00f5es. Nossos estudos visam reduzir a complexidade, apoiar o racioc\u00ednio racional e melhorar a usabilidade e a confiabilidade das tecnologias de decis\u00e3o em contextos do mundo real.<\/p>\n<p><img decoding=\"async\" class=\"alignnone size-medium wp-image-1471\" src=\"http:\/\/cdsid.org.br\/nsid\/wp-content\/uploads\/2025\/10\/FITradeoff-300x103.png\" alt=\"\" width=\"300\" height=\"103\" srcset=\"https:\/\/cdsid.org.br\/nsid\/wp-content\/uploads\/2025\/10\/FITradeoff-300x103.png 300w, https:\/\/cdsid.org.br\/nsid\/wp-content\/uploads\/2025\/10\/FITradeoff-1024x351.png 1024w, https:\/\/cdsid.org.br\/nsid\/wp-content\/uploads\/2025\/10\/FITradeoff-768x263.png 768w, https:\/\/cdsid.org.br\/nsid\/wp-content\/uploads\/2025\/10\/FITradeoff.png 1300w\" sizes=\"(max-width: 300px) 100vw, 300px\" \/><\/p>\t\t\t\t\t\t\t\t<\/div>\n\t\t\t\t<\/div>\n\t\t\t\t\t<\/div>\n\t\t<\/div>\n\t\t\t\t\t<\/div>\n\t\t<\/section>\n\t\t\t\t<section class=\"elementor-section elementor-top-section elementor-element elementor-element-6ae114b elementor-section-boxed elementor-section-height-default elementor-section-height-default\" data-id=\"6ae114b\" data-element_type=\"section\" data-e-type=\"section\">\n\t\t\t\t\t\t<div class=\"elementor-container elementor-column-gap-default\">\n\t\t\t\t\t<div class=\"elementor-column elementor-col-100 elementor-top-column elementor-element elementor-element-eadf1d0\" data-id=\"eadf1d0\" data-element_type=\"column\" data-e-type=\"column\">\n\t\t\t<div class=\"elementor-widget-wrap elementor-element-populated\">\n\t\t\t\t\t\t<div class=\"elementor-element elementor-element-be4df58 elementor-widget elementor-widget-text-editor\" data-id=\"be4df58\" data-element_type=\"widget\" data-e-type=\"widget\" data-widget_type=\"text-editor.default\">\n\t\t\t\t<div class=\"elementor-widget-container\">\n\t\t\t\t\t\t\t\t\t<h6>An\u00e1lise de Aspectos Comportamentais para Modelagem de Prefer\u00eancias do Decisor<\/h6>\n<p>Analisamos fatores cognitivos e comportamentais que moldam a maneira como os indiv\u00edduos expressam, refinam e adaptam suas prefer\u00eancias diante de escolhas complexas. Esta pesquisa integra teorias psicol\u00f3gicas, m\u00e9todos experimentais e modelagem computacional para desenvolver t\u00e9cnicas de elicita\u00e7\u00e3o de prefer\u00eancias mais confi\u00e1veis \u200b\u200be aprimorar modelos de tomada de decis\u00e3o multicrit\u00e9rio.<\/p>\n<p><img fetchpriority=\"high\" decoding=\"async\" class=\"alignnone size-medium wp-image-1491\" src=\"http:\/\/cdsid.org.br\/nsid\/wp-content\/uploads\/2025\/10\/nsid-4-300x222.jpg\" alt=\"\" width=\"300\" height=\"222\" srcset=\"https:\/\/cdsid.org.br\/nsid\/wp-content\/uploads\/2025\/10\/nsid-4-300x222.jpg 300w, https:\/\/cdsid.org.br\/nsid\/wp-content\/uploads\/2025\/10\/nsid-4-1024x758.jpg 1024w, https:\/\/cdsid.org.br\/nsid\/wp-content\/uploads\/2025\/10\/nsid-4-768x569.jpg 768w, https:\/\/cdsid.org.br\/nsid\/wp-content\/uploads\/2025\/10\/nsid-4.jpg 1280w\" sizes=\"(max-width: 300px) 100vw, 300px\" \/><\/p>\t\t\t\t\t\t\t\t<\/div>\n\t\t\t\t<\/div>\n\t\t\t\t<div class=\"elementor-element elementor-element-6f90075 elementor-widget elementor-widget-text-editor\" data-id=\"6f90075\" data-element_type=\"widget\" data-e-type=\"widget\" data-widget_type=\"text-editor.default\">\n\t\t\t\t<div class=\"elementor-widget-container\">\n\t\t\t\t\t\t\t\t\t<h6>Neuromarketing and Consumer Neuroscience<\/h6>\n<p>Aplicamos ferramentas da neuroci\u00eancia, incluindo EEG, rastreamento ocular e medi\u00e7\u00f5es fisiol\u00f3gicas, para examinar como os consumidores percebem, processam e respondem emocionalmente a est\u00edmulos de marketing. Ao vincular dados neurais e comportamentais, buscamos revelar mecanismos de aten\u00e7\u00e3o, motiva\u00e7\u00e3o e esfor\u00e7o cognitivo que impulsionam a escolha, apoiando estrat\u00e9gias de marketing e design de produto baseadas em evid\u00eancias.<\/p>\n<p><img decoding=\"async\" class=\"alignnone size-medium wp-image-1487\" src=\"http:\/\/cdsid.org.br\/nsid\/wp-content\/uploads\/2025\/10\/nsid-5-300x225.jpg\" alt=\"\" width=\"300\" height=\"225\" srcset=\"https:\/\/cdsid.org.br\/nsid\/wp-content\/uploads\/2025\/10\/nsid-5-300x225.jpg 300w, https:\/\/cdsid.org.br\/nsid\/wp-content\/uploads\/2025\/10\/nsid-5.jpg 768w\" sizes=\"(max-width: 300px) 100vw, 300px\" \/><\/p>\t\t\t\t\t\t\t\t<\/div>\n\t\t\t\t<\/div>\n\t\t\t\t<div class=\"elementor-element elementor-element-a4af266 elementor-widget elementor-widget-text-editor\" data-id=\"a4af266\" data-element_type=\"widget\" data-e-type=\"widget\" data-widget_type=\"text-editor.default\">\n\t\t\t\t<div class=\"elementor-widget-container\">\n\t\t\t\t\t\t\t\t\t<h6>An\u00e1lise neurocient\u00edfica da percep\u00e7\u00e3o de sinais de alerta de risco<\/h6>\n<p>Estudamos como elementos de design como cor, forma, contraste e enquadramento da mensagem influenciam a aten\u00e7\u00e3o e a compreens\u00e3o de riscos em placas de advert\u00eancia. Por meio de experimentos controlados que combinam EEG, rastreamento ocular e simula\u00e7\u00f5es de realidade aumentada, geramos diretrizes e prot\u00f3tipos baseados em evid\u00eancias de sinaliza\u00e7\u00e3o est\u00e1tica e din\u00e2mica para aprimorar a seguran\u00e7a p\u00fablica e a resposta comportamental em ambientes perigosos.<\/p>\n<p><img loading=\"lazy\" decoding=\"async\" class=\"alignnone size-medium wp-image-1462\" src=\"http:\/\/cdsid.org.br\/nsid\/wp-content\/uploads\/2025\/10\/nsid-3-300x200.jpg\" alt=\"\" width=\"300\" height=\"200\" srcset=\"https:\/\/cdsid.org.br\/nsid\/wp-content\/uploads\/2025\/10\/nsid-3-300x200.jpg 300w, https:\/\/cdsid.org.br\/nsid\/wp-content\/uploads\/2025\/10\/nsid-3-1024x683.jpg 1024w, https:\/\/cdsid.org.br\/nsid\/wp-content\/uploads\/2025\/10\/nsid-3-768x512.jpg 768w, https:\/\/cdsid.org.br\/nsid\/wp-content\/uploads\/2025\/10\/nsid-3-930x620.jpg 930w, https:\/\/cdsid.org.br\/nsid\/wp-content\/uploads\/2025\/10\/nsid-3.jpg 1310w\" sizes=\"(max-width: 300px) 100vw, 300px\" \/><\/p>\t\t\t\t\t\t\t\t<\/div>\n\t\t\t\t<\/div>\n\t\t\t\t<div class=\"elementor-element elementor-element-c1d8c46 elementor-align-left elementor-widget elementor-widget-elementskit-button\" data-id=\"c1d8c46\" data-element_type=\"widget\" data-e-type=\"widget\" data-widget_type=\"elementskit-button.default\">\n\t\t\t\t<div class=\"elementor-widget-container\">\n\t\t\t\t\t<div class=\"ekit-wid-con\" >\t\t<div class=\"ekit-btn-wraper\">\n\t\t\t\t\t\t\t<a href=\"https:\/\/cdsid.org.br\/nsid\/projeto-tuba\/\" class=\"elementskit-btn  whitespace--normal\" id=\"\">\n\t\t\t\t\t<i class=\"fas fa-arrow-right\"><\/i>Saiba mais\t\t\t\t<\/a>\n\t\t\t\t\t<\/div>\n        <\/div>\t\t\t\t<\/div>\n\t\t\t\t<\/div>\n\t\t\t\t<div class=\"elementor-element elementor-element-4bfa0a0 elementor-widget elementor-widget-text-editor\" data-id=\"4bfa0a0\" data-element_type=\"widget\" data-e-type=\"widget\" data-widget_type=\"text-editor.default\">\n\t\t\t\t<div class=\"elementor-widget-container\">\n\t\t\t\t\t\t\t\t\t<h6>Comportamento do decisor no contexto da decis\u00e3o em grupo<\/h6>\n<p>Investigamos a intera\u00e7\u00e3o entre cogni\u00e7\u00e3o individual e din\u00e2mica de grupo em ambientes de tomada de decis\u00e3o colaborativa. Nosso trabalho examina como a influ\u00eancia social, os modelos mentais compartilhados e a resolu\u00e7\u00e3o de conflitos moldam a agrega\u00e7\u00e3o de prefer\u00eancias, a constru\u00e7\u00e3o de consenso e a qualidade das decis\u00f5es, fornecendo insights para a concep\u00e7\u00e3o de processos de decis\u00e3o em grupo justos e eficientes.<\/p>\n<p><img loading=\"lazy\" decoding=\"async\" class=\"alignnone size-medium wp-image-1473\" src=\"http:\/\/cdsid.org.br\/nsid\/wp-content\/uploads\/2025\/10\/IMG-NSID-4-300x150.jpeg\" alt=\"\" width=\"300\" height=\"150\" srcset=\"https:\/\/cdsid.org.br\/nsid\/wp-content\/uploads\/2025\/10\/IMG-NSID-4-300x150.jpeg 300w, https:\/\/cdsid.org.br\/nsid\/wp-content\/uploads\/2025\/10\/IMG-NSID-4.jpeg 600w\" sizes=\"(max-width: 300px) 100vw, 300px\" \/><\/p>\t\t\t\t\t\t\t\t<\/div>\n\t\t\t\t<\/div>\n\t\t\t\t<div class=\"elementor-element elementor-element-087c490 elementor-widget elementor-widget-text-editor\" data-id=\"087c490\" data-element_type=\"widget\" data-e-type=\"widget\" data-widget_type=\"text-editor.default\">\n\t\t\t\t<div class=\"elementor-widget-container\">\n\t\t\t\t\t\t\t\t\t<h6>Comportamento do indiv\u00edduo no contexto da negocia\u00e7\u00e3o<\/h6>\n<p>Exploramos os mecanismos cognitivos, emocionais e estrat\u00e9gicos subjacentes \u00e0 negocia\u00e7\u00e3o, com foco em como fatores como confian\u00e7a, percep\u00e7\u00e3o de risco e estrutura\u00e7\u00e3o de informa\u00e7\u00f5es impactam o comportamento e os resultados da negocia\u00e7\u00e3o. Ao integrar experimentos comportamentais \u00e0 an\u00e1lise de decis\u00f5es, buscamos avan\u00e7ar na compreens\u00e3o das estrat\u00e9gias de negocia\u00e7\u00e3o e apoiar o treinamento e as ferramentas de apoio \u00e0 decis\u00e3o na resolu\u00e7\u00e3o de conflitos.<\/p>\t\t\t\t\t\t\t\t<\/div>\n\t\t\t\t<\/div>\n\t\t\t\t\t<\/div>\n\t\t<\/div>\n\t\t\t\t\t<\/div>\n\t\t<\/section>\n\t\t\t\t<section class=\"elementor-section elementor-top-section elementor-element elementor-element-1238f09 elementor-section-boxed elementor-section-height-default elementor-section-height-default\" data-id=\"1238f09\" data-element_type=\"section\" data-e-type=\"section\">\n\t\t\t\t\t\t<div class=\"elementor-container elementor-column-gap-default\">\n\t\t\t\t\t<div class=\"elementor-column elementor-col-100 elementor-top-column elementor-element elementor-element-4ccbe98\" data-id=\"4ccbe98\" data-element_type=\"column\" data-e-type=\"column\">\n\t\t\t<div class=\"elementor-widget-wrap elementor-element-populated\">\n\t\t\t\t\t\t<div class=\"elementor-element elementor-element-5df6f0a elementor-widget elementor-widget-text-editor\" data-id=\"5df6f0a\" data-element_type=\"widget\" data-e-type=\"widget\" data-widget_type=\"text-editor.default\">\n\t\t\t\t<div class=\"elementor-widget-container\">\n\t\t\t\t\t\t\t\t\t<h3>Comunidades e principais Congressos<\/h3>\n<p><img loading=\"lazy\" decoding=\"async\" class=\"alignnone size-medium wp-image-1303\" src=\"http:\/\/cdsid.org.br\/nsid\/wp-content\/uploads\/2025\/02\/Captura-de-Tela-2025-02-24-as-21.48.05-300x92.png\" alt=\"\" width=\"300\" height=\"92\" srcset=\"https:\/\/cdsid.org.br\/nsid\/wp-content\/uploads\/2025\/02\/Captura-de-Tela-2025-02-24-as-21.48.05-300x92.png 300w, https:\/\/cdsid.org.br\/nsid\/wp-content\/uploads\/2025\/02\/Captura-de-Tela-2025-02-24-as-21.48.05-768x235.png 768w, https:\/\/cdsid.org.br\/nsid\/wp-content\/uploads\/2025\/02\/Captura-de-Tela-2025-02-24-as-21.48.05.png 830w\" sizes=\"(max-width: 300px) 100vw, 300px\" \/><\/p>\n<p><!-- \/wp:image --><!-- wp:paragraph --><\/p>\n<p><strong>Society for NeuroEconomics (SNE)<\/strong><\/p>\n<p><!-- \/wp:paragraph --><!-- wp:image {\"id\":540,\"linkDestination\":\"custom\"} --><\/p>\n<figure class=\"wp-block-image\"><a href=\"http:\/\/insid.org.br\/wp-content\/uploads\/2017\/09\/cns.png\"><img decoding=\"async\" class=\"wp-image-540\" src=\"http:\/\/insid.org.br\/wp-content\/uploads\/2017\/09\/cns-300x81.png\" alt=\"\" \/><\/a><\/figure>\n<p><!-- \/wp:image --><!-- wp:paragraph --><\/p>\n<p><strong>Annual Meeting \u2013 Cognitive Neuroscience Society (CNS)<\/strong><\/p>\n<p><!-- \/wp:paragraph --><!-- wp:image {\"id\":541,\"linkDestination\":\"custom\"} --><\/p>\n<figure class=\"wp-block-image\"><img loading=\"lazy\" decoding=\"async\" class=\"alignnone wp-image-1302 size-medium\" src=\"http:\/\/cdsid.org.br\/nsid\/wp-content\/uploads\/2025\/02\/Captura-de-Tela-2025-02-24-as-21.46.57-300x96.png\" alt=\"\" width=\"300\" height=\"96\" srcset=\"https:\/\/cdsid.org.br\/nsid\/wp-content\/uploads\/2025\/02\/Captura-de-Tela-2025-02-24-as-21.46.57-300x96.png 300w, https:\/\/cdsid.org.br\/nsid\/wp-content\/uploads\/2025\/02\/Captura-de-Tela-2025-02-24-as-21.46.57.png 524w\" sizes=\"(max-width: 300px) 100vw, 300px\" \/><\/figure>\n<p><!-- \/wp:image --><!-- wp:paragraph --><\/p>\n<p><strong>International Conference on Group Decision &amp; Negotiation (GDN)<\/strong><\/p>\n<p><!-- \/wp:paragraph --><!-- wp:image {\"id\":539,\"linkDestination\":\"custom\"} --><\/p>\n<figure class=\"wp-block-image\"><a href=\"http:\/\/insid.org.br\/wp-content\/uploads\/2017\/09\/icdsst.png\"><img loading=\"lazy\" decoding=\"async\" class=\"alignnone wp-image-1298 size-medium\" src=\"http:\/\/cdsid.org.br\/nsid\/wp-content\/uploads\/2025\/02\/Captura-de-Tela-2025-02-24-as-21.45.06-300x98.png\" alt=\"\" width=\"300\" height=\"98\" srcset=\"https:\/\/cdsid.org.br\/nsid\/wp-content\/uploads\/2025\/02\/Captura-de-Tela-2025-02-24-as-21.45.06-300x98.png 300w, https:\/\/cdsid.org.br\/nsid\/wp-content\/uploads\/2025\/02\/Captura-de-Tela-2025-02-24-as-21.45.06.png 460w\" sizes=\"(max-width: 300px) 100vw, 300px\" \/><\/a><\/figure>\n<figure class=\"wp-block-image\"><\/figure>\n<p><strong>International Conference on Decision Support System Technology (ICDSST)<\/strong><\/p>\t\t\t\t\t\t\t\t<\/div>\n\t\t\t\t<\/div>\n\t\t\t\t\t<\/div>\n\t\t<\/div>\n\t\t\t\t\t<\/div>\n\t\t<\/section>\n\t\t\t\t<\/div>\n\t\t","protected":false},"excerpt":{"rendered":"<p>Voltar O NSID desenvolve diversas pesquisas relacionada a tem\u00e1tica de neuroci\u00eancia, principalmente nas \u00e1reas: Interfaces de Sistemas de Apoio \u00e0 Decis\u00e3o Investigamos e projetamos interfaces avan\u00e7adas para sistemas de apoio \u00e0 decis\u00e3o, explorando como a an\u00e1lise visual, o design de intera\u00e7\u00e3o e a estrutura da informa\u00e7\u00e3o influenciam o processamento cognitivo e a precis\u00e3o das decis\u00f5es.&hellip;&nbsp;<a href=\"https:\/\/cdsid.org.br\/nsid\/areas-de-pesquisa\/\" rel=\"bookmark\">Continue a ler &raquo;<span class=\"screen-reader-text\">\u00c1reas de pesquisa<\/span><\/a><\/p>\n","protected":false},"author":2,"featured_media":0,"parent":0,"menu_order":0,"comment_status":"closed","ping_status":"closed","template":"","meta":{"neve_meta_sidebar":"","neve_meta_container":"","neve_meta_enable_content_width":"","neve_meta_content_width":0,"neve_meta_title_alignment":"","neve_meta_author_avatar":"","neve_post_elements_order":"","neve_meta_disable_header":"","neve_meta_disable_footer":"","neve_meta_disable_title":"","footnotes":""},"class_list":["post-52","page","type-page","status-publish","hentry"],"_links":{"self":[{"href":"https:\/\/cdsid.org.br\/nsid\/wp-json\/wp\/v2\/pages\/52","targetHints":{"allow":["GET"]}}],"collection":[{"href":"https:\/\/cdsid.org.br\/nsid\/wp-json\/wp\/v2\/pages"}],"about":[{"href":"https:\/\/cdsid.org.br\/nsid\/wp-json\/wp\/v2\/types\/page"}],"author":[{"embeddable":true,"href":"https:\/\/cdsid.org.br\/nsid\/wp-json\/wp\/v2\/users\/2"}],"replies":[{"embeddable":true,"href":"https:\/\/cdsid.org.br\/nsid\/wp-json\/wp\/v2\/comments?post=52"}],"version-history":[{"count":52,"href":"https:\/\/cdsid.org.br\/nsid\/wp-json\/wp\/v2\/pages\/52\/revisions"}],"predecessor-version":[{"id":1747,"href":"https:\/\/cdsid.org.br\/nsid\/wp-json\/wp\/v2\/pages\/52\/revisions\/1747"}],"wp:attachment":[{"href":"https:\/\/cdsid.org.br\/nsid\/wp-json\/wp\/v2\/media?parent=52"}],"curies":[{"name":"wp","href":"https:\/\/api.w.org\/{rel}","templated":true}]}}