{"id":7,"date":"2021-01-29T22:40:49","date_gmt":"2021-01-30T00:40:49","guid":{"rendered":"http:\/\/cdsid.org.br\/nsid\/?page_id=7"},"modified":"2024-10-12T14:29:44","modified_gmt":"2024-10-12T17:29:44","slug":"sobre","status":"publish","type":"page","link":"https:\/\/cdsid.org.br\/nsid\/sobre\/","title":{"rendered":"Sobre o NSID"},"content":{"rendered":"\t\t<div data-elementor-type=\"wp-page\" data-elementor-id=\"7\" class=\"elementor elementor-7\">\n\t\t\t\t\t\t<section class=\"elementor-section elementor-top-section elementor-element elementor-element-9c034ec elementor-section-boxed elementor-section-height-default elementor-section-height-default\" data-id=\"9c034ec\" data-element_type=\"section\" data-e-type=\"section\">\n\t\t\t\t\t\t<div class=\"elementor-container elementor-column-gap-default\">\n\t\t\t\t\t<div class=\"elementor-column elementor-col-100 elementor-top-column elementor-element elementor-element-8b98d3b\" data-id=\"8b98d3b\" data-element_type=\"column\" data-e-type=\"column\">\n\t\t\t<div class=\"elementor-widget-wrap elementor-element-populated\">\n\t\t\t\t\t\t<div class=\"elementor-element elementor-element-cbe34f2 elementor-align-left elementor-widget elementor-widget-elementskit-button\" data-id=\"cbe34f2\" data-element_type=\"widget\" data-e-type=\"widget\" data-widget_type=\"elementskit-button.default\">\n\t\t\t\t<div class=\"elementor-widget-container\">\n\t\t\t\t\t<div class=\"ekit-wid-con\" >\t\t<div class=\"ekit-btn-wraper\">\n\t\t\t\t\t\t\t<a href=\"http:\/\/cdsid.org.br\/nsid\/\" class=\"elementskit-btn  whitespace--normal\" id=\"\">\n\t\t\t\t\t<i class=\"fas fa-arrow-left\"><\/i>Voltar\t\t\t\t<\/a>\n\t\t\t\t\t<\/div>\n        <\/div>\t\t\t\t<\/div>\n\t\t\t\t<\/div>\n\t\t\t\t<div class=\"elementor-element elementor-element-36edaeb6 elementor-widget elementor-widget-text-editor\" data-id=\"36edaeb6\" data-element_type=\"widget\" data-e-type=\"widget\" data-widget_type=\"text-editor.default\">\n\t\t\t\t<div class=\"elementor-widget-container\">\n\t\t\t\t\t\t\t\t\t\n<p>O NSID tem como foco disseminar a multidisciplinaridade e pluralidade de ideias que intercedam com a tem\u00e1tica de neuroci\u00eancia e tomada de decis\u00e3o, incorporando pesquisas em diversas \u00e1reas do conhecimento. \u00c1reas como neuroci\u00eancia aplicada, engenharias, psicologia, marketing, economia e \u00e1reas correlatas trazem grande contribui\u00e7\u00e3o e aplicabilidade nos estudos dos aspectos psicofisiol\u00f3gicos, buscando como o principal objetivo do laborat\u00f3rio responder a novos questionamentos cient\u00edficos.<\/p>\n\n\n\n<p>O NSID \u00e9 dedicado ao desenvolvimento de pesquisas avan\u00e7adas com enfoque nas \u00e1reas de apoio a decis\u00e3o e negocia\u00e7\u00e3o, envolvendo particularmente modelagem de prefer\u00eancias de decisores (gerentes e executivos de organiza\u00e7\u00f5es p\u00fablicas ou privadas), suportados por ferramentas e t\u00e9cnicas de neuroci\u00eancia.<\/p>\n\n\n\n<h4 class=\"wp-block-heading\"><strong><em>Decision Conferencing<\/em><\/strong><\/h4>\n\n\n\n<p>Os ambientes colaborativos elaborados para a condu\u00e7\u00e3o das pesquisas possibilitam o planejamento e execu\u00e7\u00e3o de experimentos em neuroci\u00eancia utilizando laborat\u00f3rios de desenvolvimento de estudos, coleta de dados e uma sala de \u2018decision conferencing\u2019. Este \u00faltimo, dedicado a estudos comportamentais para grupos de decisores e especialistas (presencial ou n\u00e3o), podendo tamb\u00e9m usar m\u00e9todos de estrutura\u00e7\u00e3o de problemas (PSM), como ilustrado abaixo.<\/p>\n\n\n\n<figure class=\"wp-block-image size-large\"><img fetchpriority=\"high\" decoding=\"async\" width=\"600\" height=\"300\" src=\"http:\/\/cdsid.org.br\/nsid\/wp-content\/uploads\/2021\/01\/IMG-NSID-4.jpeg\" alt=\"\" class=\"wp-image-35\" srcset=\"https:\/\/cdsid.org.br\/nsid\/wp-content\/uploads\/2021\/01\/IMG-NSID-4.jpeg 600w, https:\/\/cdsid.org.br\/nsid\/wp-content\/uploads\/2021\/01\/IMG-NSID-4-300x150.jpeg 300w, https:\/\/cdsid.org.br\/nsid\/wp-content\/uploads\/2021\/01\/IMG-NSID-4-100x50.jpeg 100w, https:\/\/cdsid.org.br\/nsid\/wp-content\/uploads\/2021\/01\/IMG-NSID-4-150x75.jpeg 150w, https:\/\/cdsid.org.br\/nsid\/wp-content\/uploads\/2021\/01\/IMG-NSID-4-200x100.jpeg 200w, https:\/\/cdsid.org.br\/nsid\/wp-content\/uploads\/2021\/01\/IMG-NSID-4-450x225.jpeg 450w\" sizes=\"(max-width: 600px) 100vw, 600px\" \/><\/figure>\n\n\n\n<p>A&nbsp;<em>Decision Conferencing&nbsp;<\/em>\u00e9 uma abordagem anal\u00edtica de decis\u00e3o em grupo para a prioriza\u00e7\u00e3o das atividades de uma organiza\u00e7\u00e3o, na qual modelos de decis\u00e3o s\u00e3o desenvolvidos e explorados por meio de uma s\u00e9rie de workshops facilitados. Os&nbsp;<em>stakeholders<\/em>&nbsp;envolvidos no processo de decis\u00e3o podem estar fisicamente pr\u00f3ximos ou remotamente, fazendo-se necess\u00e1rio o uso de tecnologias da informa\u00e7\u00e3o.<\/p>\n\n\n\n<p>Normalmente, esses workshops s\u00e3o suportados por computador, com software especializado sendo usado para capturar os modelos, executar c\u00e1lculos e realizar an\u00e1lises de sensibilidade. Dessa forma, fornece um processo social para a tomada de decis\u00e3o, promovendo a compreens\u00e3o compartilhada das quest\u00f5es, um senso de prop\u00f3sito comum e um compromisso com o caminho a seguir.<\/p>\n\n\n\n<figure class=\"wp-block-image size-large\"><img decoding=\"async\" width=\"768\" height=\"451\" src=\"http:\/\/cdsid.org.br\/nsid\/wp-content\/uploads\/2021\/01\/nsid_fig2-768x451-1.png\" alt=\"\" class=\"wp-image-36\" srcset=\"https:\/\/cdsid.org.br\/nsid\/wp-content\/uploads\/2021\/01\/nsid_fig2-768x451-1.png 768w, https:\/\/cdsid.org.br\/nsid\/wp-content\/uploads\/2021\/01\/nsid_fig2-768x451-1-300x176.png 300w, https:\/\/cdsid.org.br\/nsid\/wp-content\/uploads\/2021\/01\/nsid_fig2-768x451-1-100x59.png 100w, https:\/\/cdsid.org.br\/nsid\/wp-content\/uploads\/2021\/01\/nsid_fig2-768x451-1-150x88.png 150w, https:\/\/cdsid.org.br\/nsid\/wp-content\/uploads\/2021\/01\/nsid_fig2-768x451-1-200x117.png 200w, https:\/\/cdsid.org.br\/nsid\/wp-content\/uploads\/2021\/01\/nsid_fig2-768x451-1-450x264.png 450w, https:\/\/cdsid.org.br\/nsid\/wp-content\/uploads\/2021\/01\/nsid_fig2-768x451-1-600x352.png 600w\" sizes=\"(max-width: 768px) 100vw, 768px\" \/><\/figure>\n\n\n\n<p>Os principais elementos de uma&nbsp;<em>decision conferencing&nbsp;<\/em>s\u00e3o:<\/p>\n\n\n\n<ul class=\"wp-block-list\"><li>Atores chave \u2013 pessoas que desejam resolver quest\u00f5es relevantes da organiza\u00e7\u00e3o.<\/li><li>Facilitador \u2013 especialista em an\u00e1lise de decis\u00e3o e trabalha como consultor de processos.<\/li><li>Modelo \u2013 representa a vis\u00e3o coletiva do grupo em qualquer ponto durante sua gera\u00e7\u00e3o e modifica\u00e7\u00e3o, e serve como um meio para an\u00e1lise do impacto das diferen\u00e7as de perspectiva ou indefini\u00e7\u00e3o nos dados.<\/li><\/ul>\n\n\n\n<h4 class=\"wp-block-heading\"><strong>Estudos Desenvolvidos<\/strong><\/h4>\n\n\n\n<p>Um dos estudos analisa aspectos comportamentais na an\u00e1lise hol\u00edstica de alternativas potencialmente \u00f3timas, com vistas ao design de Sistemas de Apoio a Decis\u00e3o (SAD). Abaixo \u00e9 mostrada a coleta para o experimento aplicado ao SAD FITradeoff (www.fitradeoff.org), com o objetivo de fornecer subs\u00eddios ao \u2018Analista de Decis\u00e3o\u2019 em seu processo de apoio aos decisores, aplicando-se tamb\u00e9m \u00e0 melhoria de design da visualiza\u00e7\u00e3o do SAD.<\/p>\n\n\n\n<div class=\"wp-block-image\"><figure class=\"aligncenter size-large\"><img decoding=\"async\" width=\"400\" height=\"300\" src=\"http:\/\/cdsid.org.br\/nsid\/wp-content\/uploads\/2021\/01\/IMG-NSID-1.png\" alt=\"\" class=\"wp-image-38\" srcset=\"https:\/\/cdsid.org.br\/nsid\/wp-content\/uploads\/2021\/01\/IMG-NSID-1.png 400w, https:\/\/cdsid.org.br\/nsid\/wp-content\/uploads\/2021\/01\/IMG-NSID-1-300x225.png 300w, https:\/\/cdsid.org.br\/nsid\/wp-content\/uploads\/2021\/01\/IMG-NSID-1-100x75.png 100w, https:\/\/cdsid.org.br\/nsid\/wp-content\/uploads\/2021\/01\/IMG-NSID-1-150x113.png 150w, https:\/\/cdsid.org.br\/nsid\/wp-content\/uploads\/2021\/01\/IMG-NSID-1-200x150.png 200w\" sizes=\"(max-width: 400px) 100vw, 400px\" \/><\/figure><\/div>\n\n\n\n<p> Abaixo \u00e9 mostrado o processo de coleta no experimento para elicita\u00e7\u00e3o de prefer\u00eancias com o SAD FITradeoff. <\/p>\n\n\n\n<div class=\"wp-block-image\"><figure class=\"aligncenter size-large\"><img loading=\"lazy\" decoding=\"async\" width=\"400\" height=\"300\" src=\"http:\/\/cdsid.org.br\/nsid\/wp-content\/uploads\/2021\/01\/NSID-EEG-2-1.png\" alt=\"\" class=\"wp-image-39\" srcset=\"https:\/\/cdsid.org.br\/nsid\/wp-content\/uploads\/2021\/01\/NSID-EEG-2-1.png 400w, https:\/\/cdsid.org.br\/nsid\/wp-content\/uploads\/2021\/01\/NSID-EEG-2-1-300x225.png 300w, https:\/\/cdsid.org.br\/nsid\/wp-content\/uploads\/2021\/01\/NSID-EEG-2-1-100x75.png 100w, https:\/\/cdsid.org.br\/nsid\/wp-content\/uploads\/2021\/01\/NSID-EEG-2-1-150x113.png 150w, https:\/\/cdsid.org.br\/nsid\/wp-content\/uploads\/2021\/01\/NSID-EEG-2-1-200x150.png 200w\" sizes=\"(max-width: 400px) 100vw, 400px\" \/><\/figure><\/div>\n\n\n\n<p> Em outro estudo, as m\u00e9tricas psicofisiol\u00f3gicas s\u00e3o analisadas durante as intera\u00e7\u00f5es entre os indiv\u00edduos e o sistema de apoio a negocia\u00e7\u00e3o NegPlace (www.negplace.com). Na imagem abaixo \u00e9 apresentada a etapa experimental de coleta de dados utilizando os equipamentos de Eye-tracker e Eletroencefalograma, com o objetivo de analisar o stress, aten\u00e7\u00e3o e esfor\u00e7o cognitivo dispendido ao avaliar informa\u00e7\u00f5es disponibilizadas pelo sistema na formula\u00e7\u00e3o de ofertas e contraofertas. Este estudo visa propor melhorias e adequa\u00e7\u00f5es sist\u00eamicas em rela\u00e7\u00e3o a ergonomia cognitiva nos sistemas de apoio a decis\u00e3o. <\/p>\n\n\n\n<div class=\"wp-block-image\"><figure class=\"aligncenter size-large is-resized\"><img loading=\"lazy\" decoding=\"async\" src=\"http:\/\/cdsid.org.br\/nsid\/wp-content\/uploads\/2021\/01\/IMG-NSID-2.png\" alt=\"\" class=\"wp-image-40\" width=\"403\" height=\"303\" srcset=\"https:\/\/cdsid.org.br\/nsid\/wp-content\/uploads\/2021\/01\/IMG-NSID-2.png 400w, https:\/\/cdsid.org.br\/nsid\/wp-content\/uploads\/2021\/01\/IMG-NSID-2-300x225.png 300w, https:\/\/cdsid.org.br\/nsid\/wp-content\/uploads\/2021\/01\/IMG-NSID-2-100x75.png 100w, https:\/\/cdsid.org.br\/nsid\/wp-content\/uploads\/2021\/01\/IMG-NSID-2-150x113.png 150w, https:\/\/cdsid.org.br\/nsid\/wp-content\/uploads\/2021\/01\/IMG-NSID-2-200x150.png 200w\" sizes=\"(max-width: 403px) 100vw, 403px\" \/><\/figure><\/div>\n\t\t\t\t\t\t\t\t<\/div>\n\t\t\t\t<\/div>\n\t\t\t\t\t<\/div>\n\t\t<\/div>\n\t\t\t\t\t<\/div>\n\t\t<\/section>\n\t\t\t\t<\/div>\n\t\t","protected":false},"excerpt":{"rendered":"<p>Voltar O NSID tem como foco disseminar a multidisciplinaridade e pluralidade de ideias que intercedam com a tem\u00e1tica de neuroci\u00eancia e tomada de decis\u00e3o, incorporando pesquisas em diversas \u00e1reas do conhecimento. \u00c1reas como neuroci\u00eancia aplicada, engenharias, psicologia, marketing, economia e \u00e1reas correlatas trazem grande contribui\u00e7\u00e3o e aplicabilidade nos estudos dos aspectos psicofisiol\u00f3gicos, buscando como o&hellip;&nbsp;<a href=\"https:\/\/cdsid.org.br\/nsid\/sobre\/\" rel=\"bookmark\">Continue a ler &raquo;<span class=\"screen-reader-text\">Sobre o NSID<\/span><\/a><\/p>\n","protected":false},"author":2,"featured_media":0,"parent":0,"menu_order":0,"comment_status":"closed","ping_status":"closed","template":"","meta":{"neve_meta_sidebar":"","neve_meta_container":"","neve_meta_enable_content_width":"","neve_meta_content_width":0,"neve_meta_title_alignment":"","neve_meta_author_avatar":"","neve_post_elements_order":"","neve_meta_disable_header":"","neve_meta_disable_footer":"","neve_meta_disable_title":"","footnotes":""},"class_list":["post-7","page","type-page","status-publish","hentry"],"_links":{"self":[{"href":"https:\/\/cdsid.org.br\/nsid\/wp-json\/wp\/v2\/pages\/7","targetHints":{"allow":["GET"]}}],"collection":[{"href":"https:\/\/cdsid.org.br\/nsid\/wp-json\/wp\/v2\/pages"}],"about":[{"href":"https:\/\/cdsid.org.br\/nsid\/wp-json\/wp\/v2\/types\/page"}],"author":[{"embeddable":true,"href":"https:\/\/cdsid.org.br\/nsid\/wp-json\/wp\/v2\/users\/2"}],"replies":[{"embeddable":true,"href":"https:\/\/cdsid.org.br\/nsid\/wp-json\/wp\/v2\/comments?post=7"}],"version-history":[{"count":16,"href":"https:\/\/cdsid.org.br\/nsid\/wp-json\/wp\/v2\/pages\/7\/revisions"}],"predecessor-version":[{"id":1664,"href":"https:\/\/cdsid.org.br\/nsid\/wp-json\/wp\/v2\/pages\/7\/revisions\/1664"}],"wp:attachment":[{"href":"https:\/\/cdsid.org.br\/nsid\/wp-json\/wp\/v2\/media?parent=7"}],"curies":[{"name":"wp","href":"https:\/\/api.w.org\/{rel}","templated":true}]}}